f?
3, 7
Let w(i) = 2*i**2 - 6*i + 24. Let r be w(12). Let h = r + -71. What are the prime factors of h?
13
Let u(b) = -21*b - 50. What are the prime factors of u(-17)?
307
Let g = 20 - 3. Suppose 2*n = -2*t + g + 39, 2*n = t + 65. Suppose -3*f = -14 - n. List the prime factors of f.
3, 5
Let z(a) = a**3 - 12*a**2 + 6. Let l be z(12). Suppose c = -l*c + 553. What are the prime factors of c?
79
Let j(l) = -l - 15. Let a be j(-15). Let q be (28/8)/7*a. Suppose -5*w - 4*y + 132 = 0, w - 2*y - y - 15 = q. What are the prime factors of w?
2, 3
Let h be (-1 + (-223)/(-7))*(-21)/(-3). Let r be (-4)/(-4)*(4 + -1). Suppose g = -4*q + h, r*q = -5*g + 85 + 77. List the prime factors of q.
2, 3
Suppose 0 + 7 = t. Let m(b) = 567*b - 1130*b + 23 + 568*b. What are the prime factors of m(t)?
2, 29
Let o = 13 + -10. Suppose -3*w = o*a, -5*a - 2*w + 14 - 2 = 0. Suppose -5 = 3*n - a*n. List the prime factors of n.
5
Suppose h + 312 = 5*h. Suppose 2*c = r - 472 - h, 2*c + 550 = 5*r. What are the prime factors of c/(-15) + 1/(-3)?
2, 3
Let t(q) = 3*q**2 - 6*q - 4. Let c be t(3). Suppose -c*y = -2*h - 136, -3*h - 55 + 20 = -y. Let w = y - 0. What are the prime factors of w?
2, 13
Let u(m) = -4*m + 20*m - m - 2*m. List the prime factors of u(1).
13
Let z = 241 - 476. Let f = 408 + z. List the prime factors of f.
173
Suppose 8 = -3*a + 23, -3*j - a = 4. List the prime factors of j/12*0 + 70.
2, 5, 7
List the prime factors of 1*(2636 + (-8 - -7)).
5, 17, 31
Let w(i) = -i**2 - 7*i + 10. Let d be 16/12*9/6. Let q be (4/(-6))/(d/18). What are the prime factors of w(q)?
2
Let x(a) be the second derivative of -4*a**3/3 - 7*a**2/2 + 6*a. List the prime factors of x(-6).
41
Suppose 5*m - 5*q - 6180 = 0, 2172 = 3*m + 3*q - 1506. List the prime factors of m.
1231
Suppose 4888 = -18*n + 26*n. List the prime factors of n.
13, 47
Let k(h) be the second derivative of -11*h**3/6 + h**2 + 8*h. Suppose 2*m - 1 = 2*c - 3, 11 = m - 5*c. List the prime factors of k(m).
2, 23
Let w = 59 + -54. Let d be -1 + 0/(-1) + 3. Suppose -3*n + 10 = -w*n, 71 = d*k - n. List the prime factors of k.
3, 11
Let a be 12/(-15) - 58/(-10). Suppose -3*m + 41 = 6*v - 2*v, -v + 40 = a*m. Let i = m - 2. What are the prime factors of i?
5
Let i(j) = -2*j + 21. Suppose 0*s = -4*s - 44. What are the prime factors of i(s)?
43
Let u(y) = 0*y + 2*y**2 - 1 - 2*y + y**3 + 3*y. Let o be u(4). Let a = 143 - o. What are the prime factors of a?
2, 11
Let h(l) = l**3 + l**2 - 5*l + 8. Let g be h(-4). Let z = -2 - g. What are the prime factors of z?
2, 3
Let z(i) = i**2 - 9*i + 4. Let f be z(9). Suppose -2*a = -f*b - 0*b + 376, -a + 180 = 2*b. Let j = -58 + b. List the prime factors of j.
2, 17
Let l = -10 - -25. Suppose 3*h + 9 = l. Suppose -h*w + 0*w + 18 = -3*r, r - 4 = 0. What are the prime factors of w?
3, 5
Suppose 2*u - 4560 = 4*c, 0*c + 11376 = 5*u - 4*c. What are the prime factors of u?
2, 71
Suppose 0 = -0*r - 3*r. Let f be -43 + (-1 - -3) + r. Let a = f + 63. What are the prime factors of a?
2, 11
Let s be 1/((-15)/(-7) - 2). Suppose 3*d + 2 = -s. List the prime factors of 28/(d*(-6)/27).
2, 3, 7
Suppose 1422 = 3*r - 2*x, -12*r - 4*x = -8*r - 1876. List the prime factors of r.
2, 59
Let p be (-4)/14 + 64/28. Suppose p*a - 4*u - 104 = -0*a, -4*a + 2*u = -226. List the prime factors of a.
2, 29
Let d(q) = -11*q - 5. Let n = -142 + 131. What are the prime factors of d(n)?
2, 29
Let m be 220/25 + (-4)/(-20). Suppose m*v - 2567 = -758. List the prime factors of v.
3, 67
Let o(z) = -31*z - 48*z + 4 - 8*z. What are the prime factors of o(-1)?
7, 13
Let f be 2232432/126 - (-2)/7. What are the prime factors of (-4)/26 - (f/(-78) - -1)?
2, 113
Let r = 13 - 11. Suppose 0 = -r*k + 6*k. Suppose k*g + 19 = g. What are the prime factors of g?
19
Let p be (20/(-10))/(0 + 2/(-496)). Suppose -5*j + 3*s + p = 0, -4*j - s + 107 = -283. What are the prime factors of j?
2, 7
Suppose -f - 2*k = -5 + 397, -f + k - 404 = 0. List the prime factors of (f + 2)*((-6)/4 - -1).
199
Let t = -614 + 863. What are the prime factors of t?
3, 83
Suppose -5*u - 5*y + 1175 = 0, -4*u + 5*y + 1195 = u. List the prime factors of u.
3, 79
Suppose 49*o - 4506 = 44*o - 3*q, 5*o = -2*q + 4504. What are the prime factors of o?
2, 3, 5
Suppose 199 = r - 4*n, 0*r + 5*n + 604 = 3*r. Let z = r + -137. Suppose z = -v + 3*v. What are the prime factors of v?
3, 11
Suppose j + 5*o + 28 = 0, 3*j + 1 + 23 = -3*o. What are the prime factors of (-22)/j - 6/(-9)?
2
Suppose -3*n = k - 16, 2*k - 4*n - 8 = -2*n. Suppose -5*i + k*i - 98 = 0. List the prime factors of i.
7
Let d(q) = 7*q**3 - 67*q**2 + 18*q - 22. What are the prime factors of d(12)?
2, 1321
Let l be 3/((-7)/(2751/(-9))). Suppose -2*i + 28 + 58 = -2*w, -3*i + w = -l. What are the prime factors of i?
2, 11
List the prime factors of 14756/136*((-792)/(-21) + 0).
2, 3, 11, 31
Let j(m) = m**2 + 35*m + 482. List the prime factors of j(-48).
2, 7, 79
Let c = -61 - -62. Let x(f) = 52*f**3 - 2*f**2 - 2*f + 2. List the prime factors of x(c).
2, 5
Let h(m) = 315*m - 1255. List the prime factors of h(16).
5, 757
Let h = -440 - -823. What are the prime factors of h?
383
Suppose -161 = -2*q + 3*v, 7*q - 3*q - 4*v = 324. List the prime factors of q.
2, 41
Suppose 9*y + 6*y - 27060 = 0. What are the prime factors of y?
2, 11, 41
Suppose -o - 230 = -5*j, 4*j - 2*o = 171 + 7. Suppose i - 61 = j. List the prime factors of i.
2, 3
Suppose -6*s + 152 = -2*s. Suppose a - 4*h = 2, 0 = 5*a + 3*h + h + s. List the prime factors of (-178)/a - 1/(-3).
2, 3, 5
Let q be (-1 + (-2 - -3))/1. Suppose -u - 4 - 81 = q. Let s = -52 - u. What are the prime factors of s?
3, 11
Let s = -1508 + 3459. List the prime factors of s.
1951
Let k(f) = -3*f - 12. Let h be k(-5). Suppose h*m = -3*m + 780. List the prime factors of m.
2, 5, 13
Let m be (-2 - 0)*(-822)/4. Suppose 7*q = 4*q + m. List the prime factors of q.
137
Let y(s) = -s**2 - 2*s - 2. Let t be y(-9). What are the prime factors of 0/(4 + -3) - t?
5, 13
Suppose 77*y = 17619 + 42210. What are the prime factors of y?
3, 7, 37
Suppose -3*v - 14 = 3*g - 749, v - 220 = 4*g. Let j = -124 + v. List the prime factors of j.
2, 29
Suppose -2 = -b + 2. Suppose b*z - 7 = -m - 0, 0 = 3*m + 15. Suppose p + z = 5*n - 34, 5*n - 27 = -4*p. What are the prime factors of n?
7
Let j(u) = -u**3 - 3*u**2 - 5*u + 13. List the prime factors of j(-6).
151
Let c(t) = t**3 + 17*t**2 - 39*t + 18. List the prime factors of c(-10).
2, 277
Let h(v) be the third derivative of 1/12*v**4 + 0 + 0*v**3 + 0*v - 3*v**2. What are the prime factors of h(7)?
2, 7
Let z be -56*(1 - 4)/3. Suppose z = 2*f - 72. What are the prime factors of f?
2
Suppose 0 = 54*w - 57*w + 414. List the prime factors of w.
2, 3, 23
Let u(f) = 60*f**2 - 24*f + 147. What are the prime factors of u(5)?
3, 509
Let m(y) = 590*y + 2. What are the prime factors of m(1)?
2, 37
Suppose -12 = 4*x, 4*k - 11 = -3*x - 0. Suppose -5 - 180 = -k*n. List the prime factors of n.
37
Suppose -5*s = 4*z - 1335, -4*s + 660 = 2*z - 0*z. Suppose -148 = 3*o - o + 5*m, -m + z = -4*o. What are the prime factors of 354/14 + 24/o?
5
Let o(q) = -q**3 + 15*q**2 - 22*q + 85. List the prime factors of o(12).
11, 23
Suppose 1176 = 4*g + 5*v - 87, -4*g = -2*v - 1242. List the prime factors of g.
2, 3, 13
Let y(x) = -x**3 + 10*x**2 + 14*x + 13. Let q be 22*(-3 + (-14)/(-4)). List the prime factors of y(q).
2, 23
Let k(b) = b**2 + 8*b - 4. Suppose -a - 49 = 3*g + 4*a, 3*g = -a - 29. Let d be k(g). Let l = d - -38. What are the prime factors of l?
2, 17
Let d = 20 - 14. Suppose -u = u + d. List the prime factors of 9 + 1/(1/u).
2, 3
Suppose 6044 + 4065 = 11*b. List the prime factors of b.
919
Let g = 3151 - 1765. What are the prime factors of g?
2, 3, 7, 11
Let l = 214 + -86. List the prime factors of l.
2
Let n = 3314 + -469. List the prime factors of n.
5, 569
Let t(m) = m**3 - 8*m**2 + m - 5. Let v be t(8). Suppose -g - 82 = 4*c, v*c = -14 - 1. Let a = 90 + g. List the prime factors of a.
2, 7
Let k be (-7164)/(-63) - (-2)/7. Suppose 0 = 3*j + 39 - k. List the prime factors of j.
5
Let s = 5 - 3. Suppose -4*o + s*o = -18. Let a = o - -1. What are the prime factors of a?
2, 5
Suppose 14*w + 14 = -0. List the prime factors of -17 + 15 - (-58 + w).
3, 19
Suppose 14*v - 7*v = 2240. Supp